{"id":47653,"date":"2024-11-06T12:52:12","date_gmt":"2024-11-06T11:52:12","guid":{"rendered":"https:\/\/adc.cat\/activitat\/el-vendrell-rema-por-la-diabetes\/"},"modified":"2024-11-06T12:52:12","modified_gmt":"2024-11-06T11:52:12","slug":"el-vendrell-rema-por-la-diabetes","status":"publish","type":"tribe_events","link":"https:\/\/adc.cat\/es\/activitat\/el-vendrell-rema-por-la-diabetes\/","title":{"rendered":"El Vendrell: Rema por la diabetes"},"content":{"rendered":"<p>El <strong>14 de noviembre<\/strong>, en el marco del <strong>D\u00eda Mundial de la Diabetes<\/strong>, <strong>Do-Box Fitness Club<\/strong> organiza la iniciativa solidaria <strong>&#8216;Rema por la Diabetes&#8217;<\/strong> en el Vendrell, Tarragona. Remando durante 15 minutos (o el tiempo que puedas) con una donaci\u00f3n m\u00ednima de 5\u20ac, est\u00e1s contribuyendo en la investigaci\u00f3n por la diabetes de <strong>Sant Joan de D\u00e9u<\/strong>. Esta acci\u00f3n es muy especial para Do-Box Fitness Club, puesto que se hace para apoyar a su hijo <strong>Kilian<\/strong>, diagnosticado con diabetes tipo 1 hace 6 meses. A partir de las <strong>7:00 AM<\/strong> hasta las <strong>22:00 PM<\/strong>, te invitamos a remar con nosotros para mostrar tu solidaridad. Todo el dinero recogido se destinar\u00e1n \u00edntegramente en la investigaci\u00f3n de la diabetes. \ud83d\udccd <strong>\u00bfD\u00f3nde?<\/strong> C\/ Las Matas 36, Nave 2\/3, Pol\u00edgono Industrial Las Matas, Vendrell, Tarragona \ud83d\uddd3\ufe0f <strong>Cu\u00e1ndo?<\/strong> El 14 de noviembre, de 7h a 22h. Te esperamos para remar juntos por una causa importante!   No hace falta inscripci\u00f3n previa. <\/p>\n","protected":false},"excerpt":{"rendered":"<p>El 14 de novembre Do-Box Fitness Club organitza la iniciativa solid\u00e0ria &#8216;Rema per la Diabetis&#8217; al Vendrell, Tarragona. Remant durant 15 minuts (o el temps que puguis) amb una donaci\u00f3 m\u00ednima de 5\u20ac, est\u00e0s contribuint a la recerca per la diabetis de San Juan de Dios.<\/p>\n","protected":false},"author":2,"featured_media":0,"template":"","meta":{"_et_pb_use_builder":"","_et_pb_old_content":"","_et_gb_content_width":"","_tribe_events_status":"","_tribe_events_status_reason":"","footnotes":""},"tags":[],"tribe_events_cat":[98],"class_list":["post-47653","tribe_events","type-tribe_events","status-publish","hentry","tribe_events_cat-dia-mundial-de-la-diabetes","cat_dia-mundial-de-la-diabetes"],"yoast_head":"<!-- This site is optimized with the Yoast SEO plugin v27.4 - https:\/\/yoast.com\/product\/yoast-seo-wordpress\/ -->\n<title>El Vendrell: Rema por la diabetes - ADC \u2013 Associaci\u00f3 de Diabetis de Catalunya<\/title>\n<meta name=\"description\" content=\"El 14 de novembre Do-Box Fitness Club organitza la iniciativa solid\u00e0ria &#039;Rema per la Diabetis&#039; al Vendrell, Tarragona. Remant durant 15 minuts (o el temps que puguis) amb una donaci\u00f3 m\u00ednima de 5\u20ac, est\u00e0s contribuint a la recerca per la diabetis de San Juan de Dios.\" \/>\n<meta name=\"robots\" content=\"index, follow, max-snippet:-1, max-image-preview:large, max-video-preview:-1\" \/>\n<link rel=\"canonical\" href=\"https:\/\/adc.cat\/es\/activitat\/el-vendrell-rema-por-la-diabetes\/\" \/>\n<meta property=\"og:locale\" content=\"es_ES\" \/>\n<meta property=\"og:type\" content=\"article\" \/>\n<meta property=\"og:title\" content=\"El Vendrell: Rema por la diabetes - ADC \u2013 Associaci\u00f3 de Diabetis de Catalunya\" \/>\n<meta property=\"og:description\" content=\"El 14 de novembre Do-Box Fitness Club organitza la iniciativa solid\u00e0ria &#039;Rema per la Diabetis&#039; al Vendrell, Tarragona. Remant durant 15 minuts (o el temps que puguis) amb una donaci\u00f3 m\u00ednima de 5\u20ac, est\u00e0s contribuint a la recerca per la diabetis de San Juan de Dios.\" \/>\n<meta property=\"og:url\" content=\"https:\/\/adc.cat\/es\/activitat\/el-vendrell-rema-por-la-diabetes\/\" \/>\n<meta property=\"og:site_name\" content=\"ADC \u2013 Associaci\u00f3 de Diabetis de Catalunya\" \/>\n<meta property=\"article:publisher\" content=\"https:\/\/www.facebook.com\/ADC.CAT\/\" \/>\n<meta property=\"og:image\" content=\"https:\/\/adc.cat\/wp-content\/uploads\/2024\/11\/aaaaaaaaaa.jpg\" \/>\n\t<meta property=\"og:image:width\" content=\"1080\" \/>\n\t<meta property=\"og:image:height\" content=\"720\" \/>\n\t<meta property=\"og:image:type\" content=\"image\/jpeg\" \/>\n<meta name=\"twitter:card\" content=\"summary_large_image\" \/>\n<meta name=\"twitter:site\" content=\"@ADC_CAT\" \/>\n<meta name=\"twitter:label1\" content=\"Tiempo de lectura\" \/>\n\t<meta name=\"twitter:data1\" content=\"1 minuto\" \/>\n<script type=\"application\/ld+json\" class=\"yoast-schema-graph\">{\"@context\":\"https:\\\/\\\/schema.org\",\"@graph\":[{\"@type\":\"WebPage\",\"@id\":\"https:\\\/\\\/adc.cat\\\/es\\\/activitat\\\/el-vendrell-rema-por-la-diabetes\\\/\",\"url\":\"https:\\\/\\\/adc.cat\\\/es\\\/activitat\\\/el-vendrell-rema-por-la-diabetes\\\/\",\"name\":\"El Vendrell: Rema por la diabetes - ADC \u2013 Associaci\u00f3 de Diabetis de Catalunya\",\"isPartOf\":{\"@id\":\"https:\\\/\\\/adc.cat\\\/es\\\/#website\"},\"datePublished\":\"2024-11-06T11:52:12+00:00\",\"description\":\"El 14 de novembre Do-Box Fitness Club organitza la iniciativa solid\u00e0ria 'Rema per la Diabetis' al Vendrell, Tarragona. Remant durant 15 minuts (o el temps que puguis) amb una donaci\u00f3 m\u00ednima de 5\u20ac, est\u00e0s contribuint a la recerca per la diabetis de San Juan de Dios.\",\"breadcrumb\":{\"@id\":\"https:\\\/\\\/adc.cat\\\/es\\\/activitat\\\/el-vendrell-rema-por-la-diabetes\\\/#breadcrumb\"},\"inLanguage\":\"es\",\"potentialAction\":[{\"@type\":\"ReadAction\",\"target\":[\"https:\\\/\\\/adc.cat\\\/es\\\/activitat\\\/el-vendrell-rema-por-la-diabetes\\\/\"]}]},{\"@type\":\"BreadcrumbList\",\"@id\":\"https:\\\/\\\/adc.cat\\\/es\\\/activitat\\\/el-vendrell-rema-por-la-diabetes\\\/#breadcrumb\",\"itemListElement\":[{\"@type\":\"ListItem\",\"position\":1,\"name\":\"Portada\",\"item\":\"https:\\\/\\\/adc.cat\\\/es\\\/\"},{\"@type\":\"ListItem\",\"position\":2,\"name\":\"Eventos\",\"item\":\"https:\\\/\\\/adc.cat\\\/es\\\/activitats\\\/\"},{\"@type\":\"ListItem\",\"position\":3,\"name\":\"El Vendrell: Rema por la diabetes\"}]},{\"@type\":\"WebSite\",\"@id\":\"https:\\\/\\\/adc.cat\\\/es\\\/#website\",\"url\":\"https:\\\/\\\/adc.cat\\\/es\\\/\",\"name\":\"ADC \u2013 Associaci\u00f3 de Diabetis de Catalunya\",\"description\":\"L&#039;ADC representa els pacients amb diabetis de Catalunya. Els nostres objectius: informar, aconsellar, ajudar i defensar les persones amb diabetis i promoure la sensibilitzaci\u00f3 de la resta de la societat\",\"publisher\":{\"@id\":\"https:\\\/\\\/adc.cat\\\/es\\\/#organization\"},\"potentialAction\":[{\"@type\":\"SearchAction\",\"target\":{\"@type\":\"EntryPoint\",\"urlTemplate\":\"https:\\\/\\\/adc.cat\\\/es\\\/?s={search_term_string}\"},\"query-input\":{\"@type\":\"PropertyValueSpecification\",\"valueRequired\":true,\"valueName\":\"search_term_string\"}}],\"inLanguage\":\"es\"},{\"@type\":\"Organization\",\"@id\":\"https:\\\/\\\/adc.cat\\\/es\\\/#organization\",\"name\":\"Associaci\u00f3 de Diabetis de Catalunya\",\"url\":\"https:\\\/\\\/adc.cat\\\/es\\\/\",\"logo\":{\"@type\":\"ImageObject\",\"inLanguage\":\"es\",\"@id\":\"https:\\\/\\\/adc.cat\\\/es\\\/#\\\/schema\\\/logo\\\/image\\\/\",\"url\":\"https:\\\/\\\/adc.cat\\\/wp-content\\\/uploads\\\/2022\\\/01\\\/associacio_de_diabetis_catalunya.png\",\"contentUrl\":\"https:\\\/\\\/adc.cat\\\/wp-content\\\/uploads\\\/2022\\\/01\\\/associacio_de_diabetis_catalunya.png\",\"width\":512,\"height\":239,\"caption\":\"Associaci\u00f3 de Diabetis de Catalunya\"},\"image\":{\"@id\":\"https:\\\/\\\/adc.cat\\\/es\\\/#\\\/schema\\\/logo\\\/image\\\/\"},\"sameAs\":[\"https:\\\/\\\/www.facebook.com\\\/ADC.CAT\\\/\",\"https:\\\/\\\/x.com\\\/ADC_CAT\",\"https:\\\/\\\/www.instagram.com\\\/adc_cat\\\/\",\"https:\\\/\\\/www.linkedin.com\\\/company\\\/associacio-de-diabetis-de-catalunya\",\"https:\\\/\\\/www.youtube.com\\\/channel\\\/UC7BiJMxG_5sHYUhMAlevAWA\"]}]}<\/script>\n<!-- \/ Yoast SEO plugin. -->","yoast_head_json":{"title":"El Vendrell: Rema por la diabetes - ADC \u2013 Associaci\u00f3 de Diabetis de Catalunya","description":"El 14 de novembre Do-Box Fitness Club organitza la iniciativa solid\u00e0ria 'Rema per la Diabetis' al Vendrell, Tarragona. Remant durant 15 minuts (o el temps que puguis) amb una donaci\u00f3 m\u00ednima de 5\u20ac, est\u00e0s contribuint a la recerca per la diabetis de San Juan de Dios.","robots":{"index":"index","follow":"follow","max-snippet":"max-snippet:-1","max-image-preview":"max-image-preview:large","max-video-preview":"max-video-preview:-1"},"canonical":"https:\/\/adc.cat\/es\/activitat\/el-vendrell-rema-por-la-diabetes\/","og_locale":"es_ES","og_type":"article","og_title":"El Vendrell: Rema por la diabetes - ADC \u2013 Associaci\u00f3 de Diabetis de Catalunya","og_description":"El 14 de novembre Do-Box Fitness Club organitza la iniciativa solid\u00e0ria 'Rema per la Diabetis' al Vendrell, Tarragona. Remant durant 15 minuts (o el temps que puguis) amb una donaci\u00f3 m\u00ednima de 5\u20ac, est\u00e0s contribuint a la recerca per la diabetis de San Juan de Dios.","og_url":"https:\/\/adc.cat\/es\/activitat\/el-vendrell-rema-por-la-diabetes\/","og_site_name":"ADC \u2013 Associaci\u00f3 de Diabetis de Catalunya","article_publisher":"https:\/\/www.facebook.com\/ADC.CAT\/","og_image":[{"width":1080,"height":720,"url":"https:\/\/adc.cat\/wp-content\/uploads\/2024\/11\/aaaaaaaaaa.jpg","type":"image\/jpeg"}],"twitter_card":"summary_large_image","twitter_site":"@ADC_CAT","twitter_misc":{"Tiempo de lectura":"1 minuto"},"schema":{"@context":"https:\/\/schema.org","@graph":[{"@type":"WebPage","@id":"https:\/\/adc.cat\/es\/activitat\/el-vendrell-rema-por-la-diabetes\/","url":"https:\/\/adc.cat\/es\/activitat\/el-vendrell-rema-por-la-diabetes\/","name":"El Vendrell: Rema por la diabetes - ADC \u2013 Associaci\u00f3 de Diabetis de Catalunya","isPartOf":{"@id":"https:\/\/adc.cat\/es\/#website"},"datePublished":"2024-11-06T11:52:12+00:00","description":"El 14 de novembre Do-Box Fitness Club organitza la iniciativa solid\u00e0ria 'Rema per la Diabetis' al Vendrell, Tarragona. Remant durant 15 minuts (o el temps que puguis) amb una donaci\u00f3 m\u00ednima de 5\u20ac, est\u00e0s contribuint a la recerca per la diabetis de San Juan de Dios.","breadcrumb":{"@id":"https:\/\/adc.cat\/es\/activitat\/el-vendrell-rema-por-la-diabetes\/#breadcrumb"},"inLanguage":"es","potentialAction":[{"@type":"ReadAction","target":["https:\/\/adc.cat\/es\/activitat\/el-vendrell-rema-por-la-diabetes\/"]}]},{"@type":"BreadcrumbList","@id":"https:\/\/adc.cat\/es\/activitat\/el-vendrell-rema-por-la-diabetes\/#breadcrumb","itemListElement":[{"@type":"ListItem","position":1,"name":"Portada","item":"https:\/\/adc.cat\/es\/"},{"@type":"ListItem","position":2,"name":"Eventos","item":"https:\/\/adc.cat\/es\/activitats\/"},{"@type":"ListItem","position":3,"name":"El Vendrell: Rema por la diabetes"}]},{"@type":"WebSite","@id":"https:\/\/adc.cat\/es\/#website","url":"https:\/\/adc.cat\/es\/","name":"ADC \u2013 Associaci\u00f3 de Diabetis de Catalunya","description":"L&#039;ADC representa els pacients amb diabetis de Catalunya. Els nostres objectius: informar, aconsellar, ajudar i defensar les persones amb diabetis i promoure la sensibilitzaci\u00f3 de la resta de la societat","publisher":{"@id":"https:\/\/adc.cat\/es\/#organization"},"potentialAction":[{"@type":"SearchAction","target":{"@type":"EntryPoint","urlTemplate":"https:\/\/adc.cat\/es\/?s={search_term_string}"},"query-input":{"@type":"PropertyValueSpecification","valueRequired":true,"valueName":"search_term_string"}}],"inLanguage":"es"},{"@type":"Organization","@id":"https:\/\/adc.cat\/es\/#organization","name":"Associaci\u00f3 de Diabetis de Catalunya","url":"https:\/\/adc.cat\/es\/","logo":{"@type":"ImageObject","inLanguage":"es","@id":"https:\/\/adc.cat\/es\/#\/schema\/logo\/image\/","url":"https:\/\/adc.cat\/wp-content\/uploads\/2022\/01\/associacio_de_diabetis_catalunya.png","contentUrl":"https:\/\/adc.cat\/wp-content\/uploads\/2022\/01\/associacio_de_diabetis_catalunya.png","width":512,"height":239,"caption":"Associaci\u00f3 de Diabetis de Catalunya"},"image":{"@id":"https:\/\/adc.cat\/es\/#\/schema\/logo\/image\/"},"sameAs":["https:\/\/www.facebook.com\/ADC.CAT\/","https:\/\/x.com\/ADC_CAT","https:\/\/www.instagram.com\/adc_cat\/","https:\/\/www.linkedin.com\/company\/associacio-de-diabetis-de-catalunya","https:\/\/www.youtube.com\/channel\/UC7BiJMxG_5sHYUhMAlevAWA"]}]}},"_links":{"self":[{"href":"https:\/\/adc.cat\/es\/wp-json\/wp\/v2\/tribe_events\/47653","targetHints":{"allow":["GET"]}}],"collection":[{"href":"https:\/\/adc.cat\/es\/wp-json\/wp\/v2\/tribe_events"}],"about":[{"href":"https:\/\/adc.cat\/es\/wp-json\/wp\/v2\/types\/tribe_events"}],"author":[{"embeddable":true,"href":"https:\/\/adc.cat\/es\/wp-json\/wp\/v2\/users\/2"}],"version-history":[{"count":0,"href":"https:\/\/adc.cat\/es\/wp-json\/wp\/v2\/tribe_events\/47653\/revisions"}],"wp:attachment":[{"href":"https:\/\/adc.cat\/es\/wp-json\/wp\/v2\/media?parent=47653"}],"wp:term":[{"taxonomy":"post_tag","embeddable":true,"href":"https:\/\/adc.cat\/es\/wp-json\/wp\/v2\/tags?post=47653"},{"taxonomy":"tribe_events_cat","embeddable":true,"href":"https:\/\/adc.cat\/es\/wp-json\/wp\/v2\/tribe_events_cat?post=47653"}],"curies":[{"name":"wp","href":"https:\/\/api.w.org\/{rel}","templated":true}]}}

<p>El <strong>14 de noviembre</strong>, en el marco del <strong>Día Mundial de la Diabetes</strong>, <strong>Do-Box Fitness Club</strong> organiza la iniciativa solidaria <strong>&#8216;Rema por la Diabetes&#8217;</strong> en el Vendrell, Tarragona. Remando durante 15 minutos (o el tiempo que puedas) con una donación mínima de 5€, estás contribuyendo en la investigación por la diabetes de <strong>Sant Joan de Déu</strong>. Esta acción es muy especial para Do-Box Fitness Club, puesto que se hace para apoyar a su hijo <strong>Kilian</strong>, diagnosticado con diabetes tipo 1 hace 6 meses. A partir de las <strong>7:00 AM</strong> hasta las <strong>22:00 PM</strong>, te invitamos a remar con nosotros para mostrar tu solidaridad. Todo el dinero recogido se destinarán íntegramente en la investigación de la diabetes. 📍 <strong>¿Dónde?</strong> C/ Las Matas 36, Nave 2/3, Polígono Industrial Las Matas, Vendrell, Tarragona 🗓️ <strong>Cuándo?</strong> El 14 de noviembre, de 7h a 22h. Te esperamos para remar juntos por una causa importante!   No hace falta inscripción previa. </p>

<p>El 14 de novembre Do-Box Fitness Club organitza la iniciativa solidària &#8216;Rema per la Diabetis&#8217; al Vendrell, Tarragona. Remant durant 15 minuts (o el temps que puguis) amb una donació mínima de 5€, estàs contribuint a la recerca per la diabetis de San Juan de Dios.</p>

<!-- This site is optimized with the Yoast SEO plugin v27.4 - https://yoast.com/product/yoast-seo-wordpress/ -->
<title>El Vendrell: Rema por la diabetes - ADC – Associació de Diabetis de Catalunya</title>
<meta name="description" content="El 14 de novembre Do-Box Fitness Club organitza la iniciativa solidària &#039;Rema per la Diabetis&#039; al Vendrell, Tarragona. Remant durant 15 minuts (o el temps que puguis) amb una donació mínima de 5€, estàs contribuint a la recerca per la diabetis de San Juan de Dios." />
<meta name="robots" content="index, follow, max-snippet:-1, max-image-preview:large, max-video-preview:-1" />
<link rel="canonical" href="https://adc.cat/es/activitat/el-vendrell-rema-por-la-diabetes/" />
<meta property="og:locale" content="es_ES" />
<meta property="og:type" content="article" />
<meta property="og:title" content="El Vendrell: Rema por la diabetes - ADC – Associació de Diabetis de Catalunya" />
<meta property="og:description" content="El 14 de novembre Do-Box Fitness Club organitza la iniciativa solidària &#039;Rema per la Diabetis&#039; al Vendrell, Tarragona. Remant durant 15 minuts (o el temps que puguis) amb una donació mínima de 5€, estàs contribuint a la recerca per la diabetis de San Juan de Dios." />
<meta property="og:url" content="https://adc.cat/es/activitat/el-vendrell-rema-por-la-diabetes/" />
<meta property="og:site_name" content="ADC – Associació de Diabetis de Catalunya" />
<meta property="article:publisher" content="https://www.facebook.com/ADC.CAT/" />
<meta property="og:image" content="https://adc.cat/wp-content/uploads/2024/11/aaaaaaaaaa.jpg" />
	<meta property="og:image:width" content="1080" />
	<meta property="og:image:height" content="720" />
	<meta property="og:image:type" content="image/jpeg" />
<meta name="twitter:card" content="summary_large_image" />
<meta name="twitter:site" content="@ADC_CAT" />
<meta name="twitter:label1" content="Tiempo de lectura" />
	<meta name="twitter:data1" content="1 minuto" />
<script type="application/ld+json" class="yoast-schema-graph">{"@context":"https:\/\/schema.org","@graph":[{"@type":"WebPage","@id":"https:\/\/adc.cat\/es\/activitat\/el-vendrell-rema-por-la-diabetes\/","url":"https:\/\/adc.cat\/es\/activitat\/el-vendrell-rema-por-la-diabetes\/","name":"El Vendrell: Rema por la diabetes - ADC – Associació de Diabetis de Catalunya","isPartOf":{"@id":"https:\/\/adc.cat\/es\/#website"},"datePublished":"2024-11-06T11:52:12+00:00","description":"El 14 de novembre Do-Box Fitness Club organitza la iniciativa solidària 'Rema per la Diabetis' al Vendrell, Tarragona. Remant durant 15 minuts (o el temps que puguis) amb una donació mínima de 5€, estàs contribuint a la recerca per la diabetis de San Juan de Dios.","breadcrumb":{"@id":"https:\/\/adc.cat\/es\/activitat\/el-vendrell-rema-por-la-diabetes\/#breadcrumb"},"inLanguage":"es","potentialAction":[{"@type":"ReadAction","target":["https:\/\/adc.cat\/es\/activitat\/el-vendrell-rema-por-la-diabetes\/"]}]},{"@type":"BreadcrumbList","@id":"https:\/\/adc.cat\/es\/activitat\/el-vendrell-rema-por-la-diabetes\/#breadcrumb","itemListElement":[{"@type":"ListItem","position":1,"name":"Portada","item":"https:\/\/adc.cat\/es\/"},{"@type":"ListItem","position":2,"name":"Eventos","item":"https:\/\/adc.cat\/es\/activitats\/"},{"@type":"ListItem","position":3,"name":"El Vendrell: Rema por la diabetes"}]},{"@type":"WebSite","@id":"https:\/\/adc.cat\/es\/#website","url":"https:\/\/adc.cat\/es\/","name":"ADC – Associació de Diabetis de Catalunya","description":"L&#039;ADC representa els pacients amb diabetis de Catalunya. Els nostres objectius: informar, aconsellar, ajudar i defensar les persones amb diabetis i promoure la sensibilització de la resta de la societat","publisher":{"@id":"https:\/\/adc.cat\/es\/#organization"},"potentialAction":[{"@type":"SearchAction","target":{"@type":"EntryPoint","urlTemplate":"https:\/\/adc.cat\/es\/?s={search_term_string}"},"query-input":{"@type":"PropertyValueSpecification","valueRequired":true,"valueName":"search_term_string"}}],"inLanguage":"es"},{"@type":"Organization","@id":"https:\/\/adc.cat\/es\/#organization","name":"Associació de Diabetis de Catalunya","url":"https:\/\/adc.cat\/es\/","logo":{"@type":"ImageObject","inLanguage":"es","@id":"https:\/\/adc.cat\/es\/#\/schema\/logo\/image\/","url":"https:\/\/adc.cat\/wp-content\/uploads\/2022\/01\/associacio_de_diabetis_catalunya.png","contentUrl":"https:\/\/adc.cat\/wp-content\/uploads\/2022\/01\/associacio_de_diabetis_catalunya.png","width":512,"height":239,"caption":"Associació de Diabetis de Catalunya"},"image":{"@id":"https:\/\/adc.cat\/es\/#\/schema\/logo\/image\/"},"sameAs":["https:\/\/www.facebook.com\/ADC.CAT\/","https:\/\/x.com\/ADC_CAT","https:\/\/www.instagram.com\/adc_cat\/","https:\/\/www.linkedin.com\/company\/associacio-de-diabetis-de-catalunya","https:\/\/www.youtube.com\/channel\/UC7BiJMxG_5sHYUhMAlevAWA"]}]}</script>
<!-- / Yoast SEO plugin. -->

El Vendrell: Rema por la diabetes - ADC – Associació de Diabetis de Catalunya

El 14 de novembre Do-Box Fitness Club organitza la iniciativa solidària 'Rema per la Diabetis' al Vendrell, Tarragona. Remant durant 15 minuts (o el temps que puguis) amb una donació mínima de 5€, estàs contribuint a la recerca per la diabetis de San Juan de Dios.

ADC – Associació de Diabetis de Catalunya

L&#039;ADC representa els pacients amb diabetis de Catalunya. Els nostres objectius: informar, aconsellar, ajudar i defensar les persones amb diabetis i promoure la sensibilització de la resta de la societat

Associació de Diabetis de Catalunya
